, 2551
What are the prime factors of 860628872?
2, 4457, 24137
List the prime factors of 85508726.
2, 31, 1379173
List the prime factors of 1355458110.
2, 3, 5, 17, 2657761
List the prime factors of 81935066.
2, 127, 199, 1621
What are the prime factors of 54796180?
2, 5, 2739809
List the prime factors of 111937091.
7, 15991013
List the prime factors of 98567057.
443, 222499
List the prime factors of 326374234.
2, 197, 828361
List the prime factors of 3529300.
2, 5, 29, 1217
What are the prime factors of 1028039611?
157, 6548023
List the prime factors of 172615768.
2, 13, 71, 97, 241
List the prime factors of 64107939.
3, 7, 37, 82507
List the prime factors of 99147321.
3, 7, 13, 13451
List the prime factors of 110091322.
2, 11, 71, 70481
List the prime factors of 257906902.
2, 11, 61, 17471
List the prime factors of 69902712.
2, 3, 11, 88261
List the prime factors of 1215596738.
2, 31, 19606399
List the prime factors of 121453318.
2, 7, 61, 142217
What are the prime factors of 3414513269?
2797, 1220777
What are the prime factors of 1445598325?
5, 37, 313, 4993
What are the prime factors of 282730684?
2, 70682671
List the prime factors of 480766922.
2, 53, 4535537
List the prime factors of 146575262.
2, 227, 499, 647
What are the prime factors of 26461296?
2, 3, 61253
What are the prime factors of 3016317244?
2, 23, 32786057
List the prime factors of 19513275.
3, 5, 53, 4909
List the prime factors of 605630025.
3, 5, 7, 11, 13, 2689
List the prime factors of 45033893.
6317, 7129
List the prime factors of 29194471.
29194471
List the prime factors of 31336806.
2, 3, 5222801
List the prime factors of 296993997.
3, 19, 193, 8999
What are the prime factors of 5622043426?
2, 4783, 587711
What are the prime factors of 70097483?
70097483
What are the prime factors of 264448662?
2, 3, 31, 1103, 1289
What are the prime factors of 1749674266?
2, 53, 509, 32429
List the prime factors of 1565535566.
2, 7, 317, 352757
What are the prime factors of 24773893?
353, 70181
List the prime factors of 248002175.
5, 67, 148061
What are the prime factors of 712025263?
17, 349, 120011
What are the prime factors of 43665958?
2, 7, 53, 1201
List the prime factors of 320562916.
2, 80140729
What are the prime factors of 68230148?
2, 7, 71, 4903
List the prime factors of 88522250.
2, 5, 317, 1117
List the prime factors of 84779280.
2, 3, 5, 73, 1613
List the prime factors of 334107562.
2, 17, 347, 28319
List the prime factors of 5491133.
19, 37, 73, 107
List the prime factors of 559515140.
2, 5, 43, 650599
What are the prime factors of 861096301?
13, 37, 1790221
What are the prime factors of 124264102?
2, 181, 229, 1499
What are the prime factors of 169141884?
2, 3, 14095157
List the prime factors of 541234217.
191, 2833687
What are the prime factors of 5585044241?
7, 797863463
What are the prime factors of 1067959521?
3, 47, 449, 5623
What are the prime factors of 28387258?
2, 31, 227, 2017
What are the prime factors of 1574585658?
2, 3, 23, 3803347
List the prime factors of 586143234.
2, 3, 43, 757291
What are the prime factors of 576884161?
7, 503, 163841
What are the prime factors of 91995030?
2, 3, 5, 1022167
What are the prime factors of 1313902941?
3, 13, 1723, 19553
What are the prime factors of 639316877?
639316877
List the prime factors of 85194986.
2, 257, 165749
What are the prime factors of 1839695856?
2, 3, 157, 244121
What are the prime factors of 331205736?
2, 3, 31, 445169
List the prime factors of 1049759373.
3, 13, 2441, 11027
What are the prime factors of 12588649?
743, 16943
List the prime factors of 23829608.
2, 11, 270791
What are the prime factors of 112936910?
2, 5, 367, 30773
What are the prime factors of 3841884799?
14821, 259219
What are the prime factors of 10685581?
19, 562399
What are the prime factors of 1666343033?
41, 613, 66301
List the prime factors of 36437327.
1087, 33521
What are the prime factors of 94503249?
3, 10500361
What are the prime factors of 1298885045?
5, 53, 4901453
What are the prime factors of 177504035?
5, 35500807
What are the prime factors of 483922648?
2, 11, 31, 53, 3347
What are the prime factors of 2403037319?
5827, 412397
What are the prime factors of 1337276727?
3, 148586303
What are the prime factors of 7213416364?
2, 7, 11, 101, 461, 503
What are the prime factors of 1701749110?
2, 5, 170174911
What are the prime factors of 433004041?
433004041
List the prime factors of 15692399.
53, 296083
What are the prime factors of 138089316?
2, 3, 11507443
List the prime factors of 43808766.
2, 3, 31, 317, 743
What are the prime factors of 477981895?
5, 41, 109, 21391
What are the prime factors of 52902531?
3, 11, 16193
List the prime factors of 4093911610.
2, 5, 17, 24081833
What are the prime factors of 174209594?
2, 13, 19, 27127
List the prime factors of 4404615.
3, 5, 17, 23, 751
List the prime factors of 207912697.
43, 4835179
List the prime factors of 18226902.
2, 3, 23, 269, 491
What are the prime factors of 50609469?
3, 16869823
List the prime factors of 6119252617.
1471, 1613, 2579
What are the prime factors of 2481131208?
2, 3, 521, 198427
List the prime factors of 6447009294.
2, 3, 11, 137, 227, 349
What are the prime factors of 23630107?
811, 29137
What are the prime factors of 58022591?
11, 29, 181889
List the prime factors of 1455976555.
5, 11, 19, 359, 3881
List the prime factors of 38176190.
2, 5, 13, 31, 9473
What are the prime factors of 11322204?
2, 3, 17, 55501
What are the prime factors of 64894307?
1753, 37019
What are the prime factors of 2713735007?
17, 457, 349303
List the prime factors of 20975230.
2, 5, 2097523
List the prime factors of 17544142.
2, 7, 11, 37, 3079
List the prime factors of 6020128.
2, 179, 1051
What are the prime factors of 1154588815?
5, 2417, 95539
What are the prime factors of 318884233?
318884233
What are the prime factors of 4618112809?
197, 23442197
List the prime factors of 96036612.
2, 3, 7, 619, 1847
List the prime factors of 165534833.
11927, 13879
List the prime factors of 28987846.
2, 2371, 6113
What are the prime factors of 5835148261?
29, 53, 3796453
What are the prime factors of 209706612?
2, 3, 17475551
What are the prime factors of 2335302620?
2, 5, 7, 16680733
List the prime factors of 5218095483.
3, 29, 691, 28933
What are the prime factors of 1875385146?
2, 3, 263, 1188457
List the prime factors of 81097880.
2, 5, 2027447
What are the prime factors of 1579584712?
2, 71, 1091, 2549
List the prime factors of 86486466.
2, 3, 11, 31, 41, 1031
List the prime factors of 468510675.
3, 5, 199, 31391
What are the prime factors of 474665773?
474665773
List the prime factors of 1247199198.
2, 3, 7, 347, 85577
What are the prime factors of 576816487?
13, 44370499
List the prime factors of 147332440.
2, 5, 59, 163, 383
What are the prime factors of 1392339849?
3, 464113283
List the prime factors of 76749325.
5, 199, 15427
List the prime factors of 540300881.
12433, 43457
List the prime factors of 15173070.
2, 3, 5, 11, 45979
What are the prime factors of 155856177?
3, 79, 89, 821
What are the prime factors of 48797692?
2, 83, 103, 1427
List the prime factors of 23799066.
2, 3, 23, 37, 59, 79
List the prime factors of 277727361.
3, 92575787
What are the prime factors of 18808611?
3, 6269537
What are the prime factors of 183323389?
183323389
What are the prime factors of 7568911?
7, 79, 13687
What are the prime factors of 453085390?
2, 5, 45308539
List the prime factors of 2016177910.
2, 5, 201617791
What are the prime factors of 2037526?
2, 1018763
List the prime factors of 62640511.
19, 67, 49207
What are the prime factors of 2576104540?
2, 5, 307, 419561
List the prime factors of 609115071.
3, 203038357
What are the prime factors of 2244994749?
3, 249443861
What are the prime factors of 70695541?
7, 10099363
List the prime factors of 287784567.
3, 7, 4568009
What are the prime factors of 3714639324?
2, 3, 11, 28141207
List the prime factors of 1641619757.
1327, 1237091
What are the prime factors of 2640109939?
1307, 2019977
List the prime factors of 90766761.
3, 30255587
List the prime factors of 162249811.
83, 857, 2281
List the prime factors of 208821132.
2, 3, 13, 17, 673
What are the prime factors of 82669208?
2, 10333651
List the prime factors of 3434273224.